{"id":1047,"date":"2020-01-05T16:25:37","date_gmt":"2020-01-05T16:25:37","guid":{"rendered":"http:\/\/ofitecnicsv.com\/?post_type=product&#038;p=1047"},"modified":"2020-01-06T01:36:06","modified_gmt":"2020-01-06T01:36:06","slug":"kyocera-m3540idn","status":"publish","type":"product","link":"https:\/\/ofitecnicsv.com\/?product=kyocera-m3540idn","title":{"rendered":"Kyocera M3540idn"},"content":{"rendered":"","protected":false},"excerpt":{"rendered":"<p><strong>Generalidades del Producto<\/strong><\/p>\n<div class=\"row\">\n<div class=\"col-md-12\">\n<div>El ECOSYS M3540idn brinda a las peque\u00f1as y medianas empresas poderosas capacidades de manejo de documentos digitales. Ofrece las funciones est\u00e1ndar que usted espera, como la impresi\u00f3n n\u00edtida en blanco y negro de 42 ppm, copia, fax y escaneo color, pero tiene otras funciones tambi\u00e9n. Un panel de control con una pantalla color t\u00e1ctil de 7&#8243; que redefine la eficiencia de los trabajos mediante el almacenamiento de las tareas de rutina. Adem\u00e1s, dinamiza el acceso a las aplicaciones de negocios que brindan funciones adicionales a sus flujos de trabajo de documentos. Las funciones de impresi\u00f3n y escaneo m\u00f3viles est\u00e1ndar permiten el acceso donde sea que sus negocios lo lleven. Del mismo modo, los consumibles de larga duraci\u00f3n de ECOSYS y un impresionante rendimiento del cilindro brindan una soluci\u00f3n econ\u00f3mica y ecol\u00f3gica lo que hace que este dispositivo sea la elecci\u00f3n inteligente para su negocio.<\/div>\n<\/div>\n<\/div>\n<div class=\"row\">\n<div class=\"col-md-6\">\n<div>\n<ul>\n<li>42 ppm B&amp;N<\/li>\n<\/ul>\n<ul>\n<li>Impresi\u00f3n\/Escanea\/Copia\/Fax<\/li>\n<\/ul>\n<ul>\n<li>600 x 600 dpi, Hasta Fine 1200 dpi<\/li>\n<\/ul>\n<ul>\n<li>Est\u00e1ndar: 600 Hojas<br \/>\nM\u00e1ximo: 2,600 Hojas<\/li>\n<\/ul>\n<\/div>\n<\/div>\n<div><a href=\"http:\/\/ofitecnicsv.com\/wp-content\/uploads\/2020\/01\/MX_ECOSYS_M3540idn_spec_V3.pdf\">Especificaciones M3540idn<\/a><\/div>\n<\/div>\n","protected":false},"featured_media":1049,"template":"","meta":[],"class_list":{"0":"post-1047","1":"product","2":"type-product","3":"status-publish","4":"has-post-thumbnail","6":"product_cat-blanco-y-negro","7":"product_cat-equipos","8":"product_cat-kyocera","10":"first","11":"instock","12":"featured","13":"shipping-taxable","14":"product-type-simple"},"_links":{"self":[{"href":"https:\/\/ofitecnicsv.com\/index.php?rest_route=\/wp\/v2\/product\/1047","targetHints":{"allow":["GET"]}}],"collection":[{"href":"https:\/\/ofitecnicsv.com\/index.php?rest_route=\/wp\/v2\/product"}],"about":[{"href":"https:\/\/ofitecnicsv.com\/index.php?rest_route=\/wp\/v2\/types\/product"}],"version-history":[{"count":1,"href":"https:\/\/ofitecnicsv.com\/index.php?rest_route=\/wp\/v2\/product\/1047\/revisions"}],"predecessor-version":[{"id":1050,"href":"https:\/\/ofitecnicsv.com\/index.php?rest_route=\/wp\/v2\/product\/1047\/revisions\/1050"}],"wp:featuredmedia":[{"embeddable":true,"href":"https:\/\/ofitecnicsv.com\/index.php?rest_route=\/wp\/v2\/media\/1049"}],"wp:attachment":[{"href":"https:\/\/ofitecnicsv.com\/index.php?rest_route=%2Fwp%2Fv2%2Fmedia&parent=1047"}],"curies":[{"name":"wp","href":"https:\/\/api.w.org\/{rel}","templated":true}]}}